-1120022
In base 15, what is 8493 - -1?
8494
In base 2, what is 1111101101101101110 - -11?
1111101101101110001
In base 16, what is d2a - bb?
c6f
In base 4, what is -2 - 13102210?
-13102212
In base 9, what is 16 + 111212?
111228
In base 6, what is -1 - 44402?
-44403
In base 12, what is -1 - 65635?
-65636
In base 7, what is -2166 + 53?
-2113
In base 5, what is 2 + -210131414?
-210131412
In base 12, what is -407 + -22b6?
-2701
In base 10, what is 949623 - 2?
949621
In base 13, what is 1a - 185a?
-1840
In base 15, what is -1355 + -4?
-1359
In base 8, what is 31 + 313055?
313106
In base 14, what is bcbd8 - -4?
bcbdc
In base 9, what is -347 - 2641?
-3088
In base 2, what is 10000001111 - -10010111?
10010100110
In base 9, what is -4 + 156042?
156037
In base 14, what is 56 - 20d5?
-207d
In base 2, what is -11011 + -1011110001111?
-1011110101010
In base 3, what is -12011201 - -11?
-12011120
In base 14, what is 13 + b71?
b84
In base 7, what is -1123 - -63?
-1030
In base 8, what is -3775 - 21?
-4016
In base 5, what is -131 + 41020?
40334
In base 2, what is -10101 - 10000001000?
-10000011101
In base 10, what is -29247 - 4?
-29251
In base 3, what is 10000 + -1200212?
-1120212
In base 5, what is -13012021 - -4?
-13012012
In base 15, what is -c4 + 8d?
-36
In base 4, what is 21002 - 133011?
-112003
In base 10, what is -2057 + -499?
-2556
In base 13, what is 17 - 442b?
-4414
In base 13, what is -7 + 81921?
81917
In base 14, what is 10a + -5d?
8b
In base 8, what is 10571 - 21?
10550
In base 4, what is 2 - -103212200?
103212202
In base 5, what is -4122 - 323?
-10000
In base 10, what is -12 - 1999?
-2011
In base 10, what is 307327 + 1?
307328
In base 14, what is -c4 - 175b?
-1841
In base 10, what is 0 + -85036?
-85036
In base 4, what is 21 - 330310?
-330223
In base 5, what is 2 - 240004?
-240002
In base 15, what is 2d03 + c?
2d10
In base 14, what is 9d + -c02?
-b43
In base 13, what is -3 - -55b30?
55b2a
In base 10, what is -1 + -815993?
-815994
In base 16, what is 4dfc - 1?
4dfb
In base 9, what is -4 - -721135?
721131
In base 10, what is -23204 - 5?
-23209
In base 3, what is -211 - -22201?
21220
In base 13, what is 1b3 - b9?
c7
In base 13, what is 2 + -65176?
-65174
In base 15, what is -c20 - 2c1?
-ee1
In base 8, what is -121 + -407?
-530
In base 2, what is 101 + -11000011111110?
-11000011111001
In base 12, what is 6 + -3a8b5?
-3a8ab
In base 5, what is 20 - 42232?
-42212
In base 8, what is 21 + -3630?
-3607
In base 13, what is 2 + -47a?
-478
In base 10, what is -20 + 645?
625
In base 15, what is a2b - -544?
1070
In base 10, what is -7936 + 2?
-7934
In base 13, what is -1808b - 1?
-1808c
In base 13, what is -2419b + -4?
-241a2
In base 15, what is 5 - -d27b?
d281
In base 12, what is 0 - -62027?
62027
In base 2, what is 1111 + -1100001?
-1010010
In base 7, what is -421 - -4053?
3332
In base 11, what is -4387 - 10?
-4397
In base 15, what is -932 - 23?
-955
In base 3, what is -1102220 + -1011?
-1111001
In base 10, what is -5686 + 5?
-5681
In base 14, what is 9ab - -99?
a66
In base 4, what is 12320 - -11?
12331
In base 2, what is 11 + -10100010010010?
-10100010001111
In base 2, what is -101 - 10010101011010111000?
-10010101011010111101
In base 10, what is 6483266 - 2?
6483264
In base 3, what is 10212012 - -10222?
11000011
In base 4, what is -11012121 - -11?
-11012110
In base 8, what is 244 - -474?
740
In base 11, what is -2 - 91a4a?
-91a51
In base 11, what is 116 - -904?
a1a
In base 13, what is -149 + 310c?
2c93
In base 14, what is 22 + -b9?
-97
In base 13, what is 6cb80 + -2?
6cb7b
In base 11, what is -11078a - -4?
-110786
In base 4, what is 30003020301 - -2?
30003020303
In base 8, what is 55324 - 1?
55323
In base 6, what is 1525244 + -3?
1525241
In base 5, what is 1132 - -400?
2032
In base 16, what is -1f7f6 + -4?
-1f7fa
In base 16, what is 1 + e42?
e43
In base 7, what is 10 - -20346?
20356
In base 13, what is -2c - -343?
314
In base 3, what is 1000000211 - 122?
1000000012
In base 14, what is -2967 - -ac?
-2899
In base 16, what is 1d17 - -3?
1d1a
In base 11, what is -a87 - -220?
-867
In base 9, what is 1 - -286254?
286255
In base 8, what is -3 - -112554?
112551
In base 13, what is 11bcb - 4?
11bc7
In base 2, what is 1100011101101 - -1001?
1100011110110
In base 9, what is 5 - -566522?
566527
In base 14, what is 5 - -13096?
1309b
In base 11, what is 23a1 - 2a?
2372
In base 12, what is -a + -3258?
-3266
In base 10, what is 1 + -1585?
-1584
In base 12, what is 63 + -5682?
-561b
In base 4, what is 11 - -22012310?
22012321
In base 9, what is -1 + -14888?
-15000
In base 12, what is -1 - -b5bb?
b5ba
In base 11, what is -29823 + -51?
-29874
In base 7, what is 403 - -45?
451
In base 6, what is -22022 - 0?
-22022
In base 7, what is -5 - -1434113?
1434105
In base 13, what is aa83a9 - 4?
aa83a5
In base 15, what is 4c29 - -5?
4c2e
In base 5, what is 122 - 12110?
-11433
In base 15, what is -803 + 7?
-7eb
In base 15, what is 35 - -1829?
185e
In base 4, what is 1233 - 133122?
-131223
In base 11, what is 6 + -373?
-368
In base 10, what is -44356 + 12?
-44344
In base 7, what is 125 + 3132?
3260
In base 3, what is 12122201 + -102?
12122022
In base 14, what is -24 + -58b4a?
-58b70
In base 7, what is -1102 + -241?
-1343
In base 4, what is 10 - 323022032?
-323022022
In base 5, what is 42144223 + 1?
42144224
In base 8, what is 100754 + -1?
100753
In base 16, what is 23e + 18c?
3ca
In base 6, what is -5 + 403503?
403454
In base 4, what is 112 + 3211102?
3211220
In base 13, what is 408 + -42?
396
In base 9, what is 7 - 702?
-684
In base 13, what is 9 + -2cc?
-2c3
In base 5, what is 130114011 - 1?
130114010
In base 15, what is -17 - -236ad?
23696
In base 10, what is 6481 + 13?
6494
In base 14, what is 1132 + 453?
1585
In base 6, what is 5 - -133520?
133525
In base 15, what is 18a05 + 1?
18a06
In base 12, what is 1 + 206b15?
206b16
In base 5, what is 14414223 - -2?
14414230
In base 13, what is 4 + 94b3?
94b7
In base 6, what is -1215 - 133?
-1352
In base 6, what is 11 + 424104?
424115
In base 2, what is 100 + -110011110100?
-110011110000
In base 14, what is -567 + -57?
-5c0
In base 3, what is 1 + 2212211210?
2212211211
In base 16, what is 38b + 42?
3cd
In base 2, what is -1000 + 10001110?
10000110
In base 6, what is -503 - 21243?
-22150
In base 4, what is 10303032320 + -3?
10303032311
In base 15, what is -1 + 15c1?
15c0
In base 6, what is -3022 - -4524?
1502
In base 7, what is -540044 - -2?
-540042
In base 4, what is 1222 - -32031?
33313
In base 9, what is 585 - -1?
586
In base 6, what is -3 - -52420?
52413
In base 8, what is -60 - 26462?
-26542
In base 3, what is -122 + 220000022?
212222200
In base 2, what is -10011011011111 - 1?
-10011011100000
In base 15, what is 0 + -96874?
-96874
In base 9, what is 5358 + 4?
5363
In base 15, what is -4 - -26788?
26784
In base 15, what is b4b + -93?
aa8
In base 2, what is -110001011111 + -11001?
-110001111000
In base 6, what is 5 + 101332113?
101332122
In base 5, what is -10441202 + 20?
-10441132
In base 5, what is 21300 - 13133?
3112
In base 15, what is d167 - 4?
d163
In base 3, what is 120 - -1102220201?
1102221021
In base 13, what is -1678 + 5?
-1673
In base 14, what is 2 + -2cc5?
-2cc3
In base 3, what is 10211121 - -222?
10212120
In base 8, what is 1631 + -4067?
-2236
In base 8, what is 50352 + 141?
50513
In base 16, what is -1 + -f04bc?
-f04bd
In base 4, what is -23231 - 1102?
-30333
In base 15, what is -113d - -c?
-1131
In base 9, what is 40 + -2325?
-2275
In base 15, what is 663 - -a0?
713
In base 14, what is 12 - -aada?
ab0c
In base 16, what is -6f419 - 3?
-6f41c
In base 15, what is 17a2 - 37?
176a
In base 10, what is -1499964 - -5?
-1499959
In base 7, what is -30412020 - -5?
-30412012
In base 5, what is 2 + 11431414?
11431421
In base 15, what is -5 - 8be0?
-8be5
In base 15, what is 1b955 + -2?
1b953
In base 8, what is 2 + 205224?
205226
In base 3, what is 1211111120 + -100?
1211111020
In base 4, what is -1031211323 - 103?
-1031212032
In base 3, what is -1112110112002 + 10?
-1112110111222
In base 6, what is 11452213 - -2?
11452215
In base 3, what is 12210011101 + 0?
12210011101
In base 15, what is 1 - d0b9?
-d0b8
In base 14, what is 8627 + -5?
8622
In base 12, what is 9 + -3580?
-3573
In base 13, what is 2 - -994?
996
In base 3, what is -20202 + 